+ 16638 = -18502. What is the thousands digit of p?
3
What is the units digit of (14686 - 2)/(13 - (-5 - -14))?
1
Let g(i) = 42367*i + 2485. What is the tens digit of g(2)?
1
Let l(k) = 19*k**2 + 24*k + 153. What is the tens digit of l(-10)?
1
Let s be (-304)/(-22) + (-2)/(-11). Let x(d) = d**2 - 21*d + 5. Let y be x(s). Let o = -70 - y. What is the units digit of o?
3
Let l be 0*(0/(-1) + 1). Suppose 26*h - 27*h - 3*m + 109 = l, 3*m = 0. What is the units digit of h?
9
Let o = 1 + 7. Let s be (-2)/(-5) + 8266/10 + -4. Suppose -2359 = -o*r - s. What is the hundreds digit of r?
1
Suppose -1 = 3*z - 7. Let r = 999 - 1072. What is the units digit of (z - r) + -1 + -3?
1
Let p(j) = 3*j**2 + 11*j - 2. Let g be p(-4). Suppose -5*a - 5*u + 697 = -2*a, -458 = -2*a - g*u. What is the units digit of a?
4
Let h(p) = -14*p + 18 - 42*p**2 + 25 - 2*p**3 + 3 - 17. What is the hundreds digit of h(-21)?
3
Let m(v) = 1045*v - 826. What is the units digit of m(12)?
4
Let x = 15337 - 14849. What is the tens digit of x?
8
Suppose -4350931 = 155*y + 69*y - 10293651. What is the thousands digit of y?
6
Let g(z) = 7 - 14*z - 9 - 11. Let t be 2*(2/(-10))/(44/770). What is the units digit of g(t)?
5
Let j be -1 - -3 - (2 + 2) - 7. Let b be 112/6 - (-6)/j. Suppose 16*x = b*x - 98. What is the tens digit of x?
4
Suppose -16*b - 7 - 25 = 0. What is the units digit of b/(-10) - ((-19026)/70 - -4)?
8
Suppose -3*z = 6*o - 9*o + 177, 4*o - 191 = -5*z. Suppose o*u - 3 = 51*u. What is the units digit of u?
1
Suppose -12383 = -20*l + 14497. What is the tens digit of l?
4
Let c = -21185 - -36999. What is the hundreds digit of c?
8
Suppose 0*n - 6*n + 12642 = 0. Suppose 7*q - n = 1316. What is the hundreds digit of q?
4
What is the units digit of 0 - (196/84 + (-12433)/3)?
2
Let t = 18 + -10. Suppose -3*v + 70 = -t*v. What is the units digit of -3*4*-3*v/(-8)?
3
Let u(i) = -716*i - 656. What is the hundreds digit of u(-6)?
6
Let l(s) = -s**2 - s. Let k be l(-1). Suppose k*f = -13*f + 26. Suppose 25 = f*x - 263. What is the units digit of x?
4
Suppose -2*a - 8 = -q, 8 + 8 = 5*q - 2*a. Let o be (q/(-8) - 3/12)*-182. Suppose t - 3*m - 257 + o = 0, 3*t - 518 = -m. What is the tens digit of t?
7
Let m = 56306 - 11165. What is the tens digit of m?
4
Suppose 330 = -14*i - 1322. Let g be (1 - (-12 + 2))*-23. Let b = i - g. What is the tens digit of b?
3
Let k(y) = 47*y**3 + 57. What is the hundreds digit of k(9)?
3
Suppose 74*o - 9801 + 7437 = 42110. What is the hundreds digit of o?
6
Suppose -63*o + 188*o = 267125. What is the units digit of o?
7
Let x = -45 - -47. Suppose 4*v = 2*p - 45 - 323, 0 = 3*p + x*v - 576. What is the units digit of p?
0
Suppose -402 = -3*c - 3*c. Suppose -113 = 4*q + c. Let j = 86 + q. What is the tens digit of j?
4
Let y be ((-130)/(-4)*1)/((-7)/(-56)). Suppose -5*h + 4*x = -710, 3*h + 2*x - 686 = -y. What is the units digit of h?
2
Let a(s) = -21*s + 158. Let y be a(6). What is the hundreds digit of 4*(8664/y + 1)?
0
Suppose -2*v + 7*v = 0. Suppose -8*z = -v*z - 240. Let h = 41 - z. What is the units digit of h?
1
Let n be 9/(-12)*(-20)/3. Suppose -l - 2*x = 4*l - 24, -n*l = x - 22. What is the units digit of 31 + l/(-14) + (-4)/(-14)?
1
Let x(b) = 79*b**2 + 188*b + 723. What is the tens digit of x(-26)?
3
Let d = 140 + -141. What is the units digit of 4*d - 39624/(-52)?
8
Let x(g) = g**3 - 20*g**2 - 20*g - 24. Let c be x(21). Suppose -5 + 21 = 2*i. What is the units digit of (i/c)/((24/9)/(-8))?
8
Let u(f) = -3*f**2 - 9*f + 8. Let o be u(10). Let z = -222 - o. Let d = z + -96. What is the units digit of d?
4
Suppose -382 = -12*l + 11*l. Suppose 1929 = 5*s + 4*c, 0*s + s - 3*c = l. What is the tens digit of s?
8
Let u be (-28)/70 - -56*(-4)/40. What is the tens digit of (-183 + 24)/(u/26)?
8
Let t be 1*(0 + 2)*-1*-3. Let n be (-8 - -5)*2/t. What is the hundreds digit of (4 - 2) + 1/n + 139?
1
Suppose 12576*i = 12546*i + 1163730. What is the ten thousands digit of i?
3
Suppose 5*t = 7*t - 16. Suppose o - 2*o - t = 0. What is the tens digit of 2/o + 1 + 1225/20?
6
Let f = 43084 + -18900. What is the hundreds digit of f?
1
Suppose -29*b - 162 = -32*b. Suppose -272 = -3*a + g, 2*a - 4*g - b = 114. What is the tens digit of a?
9
Let a(o) = -4*o**2 + 5*o - 8. Let y be (-3)/2*20/6. Let r be a(y). What is the tens digit of (r/14*1)/((-2)/12)?
5
Let r = -816 + 823. What is the units digit of r/(-28)*-1543*4?
3
Let u = 37 + -22. Suppose -r - 4*i + 18 = -2, -2*r + 3*i = u. Suppose 2*l = -5*m + 389, -4*l + 4*m + 691 + 17 = r. What is the hundreds digit of l?
1
Let w(x) = 39*x + 4. Let u be w(3). Let b = -528 + 531. Suppose b*q + 49 - u = 0. What is the units digit of q?
4
Let f(p) = 29*p - 17. Let d(k) = -k + 6. Let r be d(8). Let i be (12/r)/(-3)*(-18)/(-12). What is the units digit of f(i)?
0
Suppose 0 = 5*v + y + 49, 21 - 1 = -5*y. Let h(r) = -2*r - 17. What is the units digit of h(v)?
1
Suppose 75*s - 56870 = 413605. What is the tens digit of s?
7
Suppose -w + 4*c - 125 = -331, -4*w = 2*c - 878. Let h = w + -78. What is the units digit of h?
0
What is the units digit of (-26 - -20) + 3 + 12792 - -2?
1
Let m(j) = 1256 + 3*j**2 - 1247 - 18*j + 4*j + 50*j**3. What is the units digit of m(2)?
3
Suppose 5*g - 118609 = z, 3*g + 2*z + 28435 - 99603 = 0. What is the ten thousands digit of g?
2
Suppose -81*c + 163732 = -58*c - 132186. What is the units digit of c?
6
Let r(q) = -70*q**3 + 24*q**2 + 81*q + 4. What is the hundreds digit of r(-5)?
9
What is the units digit of (46074 - -9) + (-1 - -8 - (-50)/(-10))?
5
Let x(j) = -59*j - 48. Let f be x(-2). Suppose 0 = 72*i - f*i + 2*r - 1226, r - 1223 = -2*i. What is the units digit of i?
0
Let i(q) = -q**2 - 19*q + 42. Let c be i(-19). Suppose -3*x - 72 = c. Let z = x - -73. What is the units digit of z?
5
Suppose -q + 70983 = 2*v - 0*v, -283869 = -4*q - v. What is the units digit of q?
5
Let r(l) = -3*l**3 - 3*l - 5. Let y be r(-2). Let o(p) = 2*p + 38*p**2 - 12*p**2 - 1 + y*p**2. What is the tens digit of o(1)?
5
Let g be ((-6)/(-2))/(4/((-80)/15)). Let p be ((-45)/(-10)*2)/(g + 3). Let u(m) = -17*m + 40. What is the hundreds digit of u(p)?
1
Let k be (2 + (-5)/2)/(2/144). Let o(m) = m**3 + 35*m**2 - 41*m + 30. What is the hundreds digit of o(k)?
2
What is the tens digit of ((-18)/5*-2)/(-14 - 68260/(-4875))?
1
Let l be ((-2)/5)/((-1)/15). Let u(k) = 3*k + 3. Let i be u(l). What is the tens digit of 12/i - 1300/(-28)?
4
Suppose -111*q + 108*q = -37815. Suppose -8491 = -18*i + q. What is the hundreds digit of i?
1
Let s = 56093 + -26930. What is the hundreds digit of s?
1
Suppose 4*o + 492 = -3*z + 18531, o - 4*z = 4505. What is the thousands digit of o?
4
Let x = -56 - 696. What is the tens digit of x*(9/6)/(-3)?
7
Let l(u) = -167*u + 68. Suppose 6*v = -3*v - 18. What is the tens digit of l(v)?
0
Let f(u) = u**3 + 34*u**2 - 3*u - 99. Let h be f(-34). Suppose -3*o = 5*r - 1818, 4*r + h*o + 378 = 5*r. What is the tens digit of r?
6
Let o be 205*(10/(-6) - (-2)/3). Let q = -53 - o. What is the hundreds digit of q?
1
Suppose -3*r = 5*t - 16140, -r + 4359 = 5*t - 1011. What is the tens digit of r?
8
Let k = 22254 + 11179. What is the tens digit of k?
3
Let z be 7*(3 + 30/(-14)). Suppose -3*y = m - 120, -4*m + 200 = -y + z*y. Suppose -l + y = -0*c + 4*c, 4*c - 12 = 0. What is the units digit of l?
8
Let x(q) = -2*q**2 + 7*q - 12. Let p be x(2). Let f(k) = -24*k + 12. What is the tens digit of f(p)?
5
Let b(i) = 7503*i**2 + 35*i + 34. What is the tens digit of b(-1)?
0
Let o(h) = -99*h + 4. Let j be o(-1). Suppose p + j = 91. What is the tens digit of 2/p - (-4465)/114?
3
Let d(z) be the second derivative of -11*z**3/2 + 11*z**2 - 2*z - 3. What is the hundreds digit of d(-24)?
8
Let x(q) = -33*q**3 + 9*q**2 + 15*q - 8. Let m be x(-3). Suppose 2*p + 5*f + m - 4243 = 0, -3*p + 4*f = -4986. What is the units digit of p?
2
Let t = 298 + -275. Suppose -k + 200 = t. What is the hundreds digit of k?
1
Suppose 5*m + 3*r - 53668 = -5646, -3*m + 28810 = 5*r. What is the units digit of m?
5
Let o(p) = 14*p**2 + 34*p + 22. Suppose 2*g - 4*g - 4*v - 30 = 0, -4 = 4*v. What is the thousands digit of o(g)?
1
Let q = -2912 + 3373. What is the units digit of q?
1
Let u(b) be the second derivative of b**5/10 - b**4/12 - 4*b**3/3 + 7*b**2 - 18*b. Wh